t of 9084?
4
What is the hundreds digit of 41379?
3
What is the hundreds digit of 98847?
8
What is the hundreds digit of 3121?
1
What is the units digit of 1772?
2
What is the thousands digit of 20324?
0
What is the hundreds digit of 5861?
8
What is the units digit of 3618?
8
What is the units digit of 145?
5
What is the tens digit of 815?
1
What is the ten thousands digit of 25809?
2
What is the tens digit of 1810?
1
What is the hundreds digit of 1009?
0
What is the tens digit of 17413?
1
What is the hundreds digit of 5252?
2
What is the ten thousands digit of 15003?
1
What is the tens digit of 161?
6
What is the units digit of 14013?
3
What is the ten thousands digit of 68873?
6
What is the ten thousands digit of 27322?
2
What is the hundreds digit of 23634?
6
What is the tens digit of 4109?
0
What is the ten thousands digit of 35579?
3
What is the units digit of 6202?
2
What is the units digit of 273?
3
What is the hundreds digit of 1018?
0
What is the ten thousands digit of 35002?
3
What is the tens digit of 2467?
6
What is the units digit of 12516?
6
What is the units digit of 1920?
0
What is the tens digit of 9334?
3
What is the units digit of 23751?
1
What is the hundreds digit of 1253?
2
What is the tens digit of 24154?
5
What is the units digit of 39206?
6
What is the tens digit of 2201?
0
What is the tens digit of 497?
9
What is the tens digit of 1461?
6
What is the thousands digit of 58569?
8
What is the units digit of 402?
2
What is the tens digit of 21974?
7
What is the tens digit of 2012?
1
What is the tens digit of 37597?
9
What is the tens digit of 18532?
3
What is the ten thousands digit of 62721?
6
What is the ten thousands digit of 90325?
9
What is the hundreds digit of 106465?
4
What is the units digit of 598?
8
What is the tens digit of 22831?
3
What is the thousands digit of 35336?
5
What is the tens digit of 439?
3
What is the thousands digit of 7537?
7
What is the hundreds digit of 930?
9
What is the hundreds digit of 10707?
7
What is the tens digit of 1660?
6
What is the units digit of 572?
2
What is the tens digit of 29777?
7
What is the hundreds digit of 10184?
1
What is the units digit of 776?
6
What is the hundreds digit of 13389?
3
What is the ten thousands digit of 35851?
3
What is the thousands digit of 2063?
2
What is the hundreds digit of 2822?
8
What is the tens digit of 19864?
6
What is the tens digit of 81123?
2
What is the ten thousands digit of 22336?
2
What is the tens digit of 2880?
8
What is the hundreds digit of 27341?
3
What is the units digit of 3729?
9
What is the tens digit of 1063?
6
What is the hundreds digit of 15471?
4
What is the units digit of 7166?
6
What is the tens digit of 9621?
2
What is the hundreds digit of 4266?
2
What is the units digit of 4779?
9
What is the tens digit of 1148?
4
What is the hundreds digit of 997?
9
What is the hundreds digit of 1444?
4
What is the tens digit of 1794?
9
What is the thousands digit of 2266?
2
What is the tens digit of 1086?
8
What is the tens digit of 212?
1
What is the hundreds digit of 57512?
5
What is the hundreds digit of 1104?
1
What is the units digit of 12815?
5
What is the thousands digit of 36423?
6
What is the hundreds digit of 8050?
0
What is the units digit of 3053?
3
What is the hundreds digit of 2851?
8
What is the units digit of 8047?
7
What is the thousands digit of 1549?
1
What is the tens digit of 3727?
2
What is the hundreds digit of 5393?
3
What is the units digit of 24995?
5
What is the hundreds digit of 13494?
4
What is the thousands digit of 6120?
6
What is the tens digit of 464?
6
What is the ten thousands digit of 141379?
4
What is the units digit of 1383?
3
What is the units digit of 728?
8
What is the tens digit of 9472?
7
What is the units digit of 7178?
8
What is the units digit of 5167?
7
What is the thousands digit of 1002?
1
What is the units digit of 30896?
6
What is the units digit of 3567?
7
What is the thousands digit of 31245?
1
What is the hundreds digit of 28766?
7
What is the thousands digit of 1846?
1
What is the thousands digit of 16415?
6
What is the hundreds digit of 17800?
8
What is the hundreds digit of 1501?
5
What is the units digit of 15121?
1
What is the hundreds digit of 524?
5
What is the hundreds digit of 26804?
8
What is the hundreds digit of 12126?
1
What is the thousands digit of 33987?
3
What is the thousands digit of 9480?
9
What is the hundreds digit of 3540?
5
What is the units digit of 54387?
7
What is the units digit of 21418?
8
What is the hundreds digit of 1206?
2
What is the hundreds digit of 688?
6
What is the hundreds digit of 1016?
0
What is the units digit of 1809?
9
What is the tens digit of 2446?
4
What is the tens digit of 775?
7
What is the ten thousands digit of 21941?
2
What is the tens digit of 944?
4
What is the hundreds digit of 74457?
4
What is the hundreds digit of 9568?
5
What is the ten thousands digit of 11956?
1
What is the ten thousands digit of 18537?
1
What is the thousands digit of 17255?
7
What is the thousands digit of 30141?
0
What is the hundreds digit of 5114?
1
What is the thousands digit of 5798?
5
What is the thousands digit of 2350?
2
What is the units digit of 1314?
4
What is the units digit of 23416?
6
What is the hundreds digit of 12375?
3
What is the hundreds digit of 45918?
9
What is the units digit of 12937?
7
What is the units digit of 4214?
4
What is the hundreds digit of 16232?
2
What is the ten thousands digit of 19181?
1
What is the thousands digit of 64633?
4
What is the units digit of 941?
1
What is the thousands digit of 11631?
1
What is the units digit of 21130?
0
What is the tens digit of 975?
7
What is the tens digit of 620?
2
What is the thousands digit of 13438?
3
What is the hundreds digit of 21616?
6
What is the hundreds digit of 8182?
1
What is the tens digit of 1247?
4
What is the thousands digit of 4839?
4
What is the hundreds digit of 1917?
9
What is the ten thousands digit of 146875?
4
What is the tens digit of 402?
0
What is the thousands digit of 1243?
1
What is the thousands digit of 5859?
5
What is the hundreds digit of 893?
8
What is the hundreds digit of 822?
8
What is the thousands digit of 22048?
2
What is the tens digit of 11072?
7
What is the tens digit of 655?
5
What is the tens digit of 2646?
4
What is the units digit of 641?
1
What is the tens digit of 2104?
0
What is the tens digit of 642?
4
What is the ten thousands digit of 26516?
2
What is the tens digit of 4216?
1
What is the hundred thousands digit of 170464?
1
What is the thousands digit of 38595?
8
What is the hundreds digit of 4192?
1
What is the hundreds digit of 22198?
1
What is the tens digit of 47548?
4
What is the hundred thousands digit of 170793?
1
What is the units digit of 1070?
0
What is the tens digit of 486?
8
What is the thousands digit of 1341?
1
What is the tens digit of 2392?
9
What is the hundreds digit of 5044?
0
What is the tens digit of 11520?
2
What is the thousands digit of 1266?
1
What is the units digit of 35268?
8
What is the tens digit of 1026?
2
What is the tens digit of 1587?
8
What is the units digit of 1219?
9
What is the thousands digit of 50634?
0
What is the tens digit of 9336?
3
What is the tens digit of 785?
8
What is the thousands digit of 9129?
9
What is the units digit of 1695?
5
What is the units digit of 3448?
8
What is the tens digit of 66?
6
What is the hundreds digit of 2976?
9
What is the hundreds digit of 8198?
1
What is the thousands digit of 77335?
7
What is the thousands digit of 10637?
0
What is the ten thousands digit of 107279?
0
What is the hundreds digit of 6379?
3
What is the thousands digit of 78743?
8
What is the units digit of 19920?
0
What is the hundreds digit of 1506?
5
What is the units digit of 95800?
0
What is the thousands digit of 22581?
2
What is the thousands digit of 8405?
8
What is the units digit of 36038?
8
What is the units digit of 701?
1
What is the hundreds digit of 965?
9
What is the tens digit of 5113?
1
What is the ten thousands digit of 62676?
6
What is the hundreds digit of 3913?
9
What is the tens digit of 1074?
7
What is the thousands digit of 2585?
2
What is the units digit of 902?
2
What is the hundreds digit of 1027?
0
What is the tens digit of 17073?
7
What is the tho